{"id":1825,"date":"2020-03-30T06:32:17","date_gmt":"2020-03-30T06:32:17","guid":{"rendered":"https:\/\/mojstermarketinga.si\/trgovina\/?post_type=product&#038;p=1825"},"modified":"2024-12-03T12:26:22","modified_gmt":"2024-12-03T12:26:22","slug":"bon-za-individualno-svetovanje-coaching","status":"publish","type":"product","link":"https:\/\/mojstermarketinga.si\/trgovina\/product\/bon-za-individualno-svetovanje-coaching\/","title":{"rendered":"Individualno svetovanje (coaching)"},"content":{"rendered":"<p>Prejmi uporabno znanje + prakti\u010dne izku\u0161nje + veliko sve\u017eih idej, ki bodo v najkraj\u0161em mo\u017enem \u010dasu prinesle prave rezultate. To ti zagotavljam.<\/p>\n<p data-css=\"tve-u-162195647dc\"><span data-css=\"tve-u-16219567160\"><strong>Tukaj sem zate, da ti pomagam pregledati dosedanje aktivnosti v digitalnem svetu, ti podati odgovore in smernice na tvoja pere\u010da vpra\u0161anja in ti pripraviti uspe\u0161no strategijo za nastop v digitalnem svetu. Vse to bo podkrepljeno s prakti\u010dnimi nasveti in napotki, kako se tega lotiti, da bo pot uspeha v digitalnem svetu zagotovljena.<\/strong><\/span><\/p>\n<p data-css=\"tve-u-162195647dc\"><span data-css=\"tve-u-16219567160\">1. Odgovorila ti bom na vsa tvoja vpra\u0161anja, te opozorila na morebitne napake, ki jih po\u010dne\u0161, in ti izrisala strategijo, ki ti bo za\u010dela prina\u0161ati ve\u010djo prepoznavnost, doseg ljudi in posledi\u010dno prodajo.<\/span><\/p>\n<p data-css=\"tve-u-162195647dc\"><span data-css=\"tve-u-16219567160\">2. Obljubim ti, da prejme\u0161 najbolj aktualno znanje in strategije, ki jih trenutno uporabljajo vodilna slovenska in tuja podjetja. Ker sama sodelujem z mnogimi, natan\u010dno poznam uspe\u0161ne pristope v digitalnem marketingu.<\/span><\/p>\n<p data-css=\"tve-u-162195647dc\"><span data-css=\"tve-u-16219567160\">3. Po kon\u010danem coachingu ima\u0161 potrebno znanje, orodja in motivacijo za delo &#8211; sledi \u0161e zgolj tvoj input in bum, rezultati se bodo pokazali.<\/span><\/p>\n<p data-css=\"tve-u-162195647dc\">Sre\u010danje poteka preko aplikacije ZOOM.<\/p>\n","protected":false},"excerpt":{"rendered":"<p>Prejmi uporabno znanje + prakti\u010dne izku\u0161nje + veliko sve\u017eih idej, ki ti bodo prinesle prave rezultate iz vidika grajenja Facebook in Instagram skupnosti ter ogla\u0161evanja. To ti zagotavljam.<\/p>\n","protected":false},"featured_media":371,"comment_status":"open","ping_status":"closed","template":"","meta":{"jetpack_post_was_ever_published":false,"jetpack_publicize_message":"","jetpack_is_tweetstorm":false,"jetpack_publicize_feature_enabled":true,"jetpack_social_post_already_shared":true,"jetpack_social_options":[]},"product_cat":[29,19],"product_tag":[],"jetpack_publicize_connections":[],"jetpack_sharing_enabled":true,"_links":{"self":[{"href":"https:\/\/mojstermarketinga.si\/trgovina\/wp-json\/wp\/v2\/product\/1825"}],"collection":[{"href":"https:\/\/mojstermarketinga.si\/trgovina\/wp-json\/wp\/v2\/product"}],"about":[{"href":"https:\/\/mojstermarketinga.si\/trgovina\/wp-json\/wp\/v2\/types\/product"}],"replies":[{"embeddable":true,"href":"https:\/\/mojstermarketinga.si\/trgovina\/wp-json\/wp\/v2\/comments?post=1825"}],"wp:featuredmedia":[{"embeddable":true,"href":"https:\/\/mojstermarketinga.si\/trgovina\/wp-json\/wp\/v2\/media\/371"}],"wp:attachment":[{"href":"https:\/\/mojstermarketinga.si\/trgovina\/wp-json\/wp\/v2\/media?parent=1825"}],"wp:term":[{"taxonomy":"product_cat","embeddable":true,"href":"https:\/\/mojstermarketinga.si\/trgovina\/wp-json\/wp\/v2\/product_cat?post=1825"},{"taxonomy":"product_tag","embeddable":true,"href":"https:\/\/mojstermarketinga.si\/trgovina\/wp-json\/wp\/v2\/product_tag?post=1825"}],"curies":[{"name":"wp","href":"https:\/\/api.w.org\/{rel}","templated":true}]}}