{"id":2303,"date":"2020-10-14T05:50:36","date_gmt":"2020-10-14T05:50:36","guid":{"rendered":"https:\/\/mojstermarketinga.si\/trgovina\/?page_id=2303"},"modified":"2022-01-27T09:43:06","modified_gmt":"2022-01-27T09:43:06","slug":"webinar-5-korakov-od-ideje-do-podjetja","status":"publish","type":"page","link":"https:\/\/mojstermarketinga.si\/trgovina\/webinar-5-korakov-od-ideje-do-podjetja\/","title":{"rendered":"Webinar: 5 korakov od ideje do uspe\u0161nega podjetja"},"content":{"rendered":"<h2 style=\"text-align: center;\">ZOOM WEBINAR<\/h2>\n<h1 style=\"text-align: center;\">5 korakov od ideje do uspe\u0161nega podjetja<\/h1>\n<p style=\"text-align: center;\">Monika in Tadej, podjetnika, ki po 7-ih letih \u0161e vedno ustvarjava in \u017eiviva svoje sanje o lastnem podjetju, te vabiva, da se pridru\u017ei\u0161 na tem dogodku.<\/p>\n<p style=\"text-align: center;\">Ker sva pogosto gosta na delavnicah, sva se odlo\u010dila, da tokrat zdru\u017eiva mo\u010di in podeliva podjetni\u0161ke vzpone in padce s tabo.&nbsp;<\/p>\n<p style=\"text-align: center;\">Prijavi se, da ti razkrijeva, kako nama je uspelo vztrajati in rasti.&nbsp;<\/p>\n<h4 style=\"text-align: center;\"><strong><span>Oglej si posnetek webinarja.<\/span><\/strong><\/h4>\n<p><span style=\"width: 100%;\"><img decoding=\"async\" loading=\"lazy\" alt=\"\" width=\"69\" height=\"52\" title=\"Quote_05_lines\" data-id=\"41637\" src=\"\/\/mojstermarketinga.si\/trgovina\/wp-content\/uploads\/tcb_content_templates\/\/images\/Quote_05_lines.png\" style=\"\"><\/span><\/p>\n<p>\u201cTvoja zgodba in grajenje skupnosti je tisto, kar \u0161teje na dolgi rok.\u201d<\/p>\n<p>Monika in Tadej<\/p>\n<p><span style=\"width: 100%;\"><img decoding=\"async\" loading=\"lazy\" alt=\"\" width=\"69\" height=\"52\" title=\"Quote_05_lines\" data-id=\"41637\" src=\"\/\/mojstermarketinga.si\/trgovina\/wp-content\/uploads\/tcb_content_templates\/\/images\/Quote_05_lines.png\" style=\"\"><\/span><\/p>\n<p><strong>Vsebina<\/strong><\/p>\n<p><strong>webinarja<\/strong><\/p>\n<p>1. Kako najti idejo, ki jo bodo sprejele tudi stranke, hkrati pa bo tebi predstavljala strast, da si vsak dan znova sre\u010den oz. sre\u010dna, da ima\u0161 lastno podjetje? Ali potreba po izdelku mora obstajati ali jo lahko spro\u017ei\u0161 ti?<\/p>\n<p>2. Ali je okolje lahko ovira? Prihajava iz Prekmurja, verjemi, imava \u017ee trdo ko\u017eo.&nbsp;<\/p>\n<p>3. Kaj pa razpisi? Tadej ima ogromno izku\u0161enj, kako pristopiti k temu.&nbsp;<\/p>\n<p>4. Kako se lotiti marketinga? Facebook, Instagram ali kar vse? Kaj je potrebno, da se loti\u0161 tega samostojno in se tvoj glas sli\u0161i dale\u010d naokrog?&nbsp;<\/p>\n<p>5. Najbolj priljubljena tema ta hip: kdo ti lahko pomaga pri vzponu posla? Ambasadorji in influencerji &#8211; kdo so, kako jih najti in vpeljati v svet tvojega podjetja.&nbsp;<\/p>\n<p><strong><span style=\"font-size: 21px;\">Monika Horvat<\/span><\/strong><\/p>\n<p><span style=\"font-size: 16px;\">Lastnica agencije za digitalni marketing, soustanoviteljica Mojster Marketinga<\/span><\/p>\n<p><span style=\"font-size: 16px;\">\u200b<\/span><\/p>\n<p>Sr(e)\u010dna podjetnica, ki se dnevno sre\u010duje z izzivi Facebook, Instagram ogla\u0161evanja ter vsega ostalega, kar prina\u0161a digitalni svet.<\/p>\n<p><span style=\"width: 100%;\"><img decoding=\"async\" loading=\"lazy\" alt=\"Monika Horvat\" width=\"960\" height=\"960\" title=\"Monika Horvat\" data-id=\"2308\" src=\"https:\/\/mojstermarketinga.si\/trgovina\/wp-content\/uploads\/2020\/10\/121323519_1475807745953542_6982799088000989781_o.jpg\" style=\"\"><\/span><\/p>\n<p><strong><span style=\"font-size: 21px;\">Tadej Glava\u010d<\/span><\/strong><\/p>\n<p><span style=\"font-size: 16px;\">lastnik podjetja in idejni vodja<\/span><\/p>\n<p><a href=\"https:\/\/go4goal.net\/\" style=\"outline: none;\" target=\"_blank\" rel=\"noopener noreferrer\"><span style=\"font-size: 16px;\">GO4GOAL<\/span><\/a><\/p>\n<\/p>\n<p>Ker za sebe ni na\u0161el primernih na tr\u017ei\u0161\u010du, je Tadej kar sam razvil \u0161portne nogavice, ki omogo\u010dajo odli\u010den oprijem, udobje in varnost stopala.<\/p>\n<p><span style=\"width: 100%;\"><img decoding=\"async\" loading=\"lazy\" alt=\"Tadej Glava\u010d\" width=\"280\" height=\"280\" title=\"Tadej Glava\u010d\" data-id=\"2307\" src=\"https:\/\/mojstermarketinga.si\/trgovina\/wp-content\/uploads\/2020\/10\/tadej.jpg\" style=\"\"><\/span><\/p>\n<h2 style=\"text-align: center;\">Oglej si to&nbsp;<strong>prav posebno<\/strong> ZOOM sre\u010danje, kjer s tabo deliva vzpone in padce z namenom, da se jim morda ravno ti izogne\u0161.<\/h2>\n<h2 style=\"text-align: center;\">Naju najde\u0161 na fotografiji izpred 7-ih let? <img decoding=\"async\" alt=\"\ud83d\ude48\" src=\"https:\/\/s.w.org\/images\/core\/emoji\/13.0.0\/svg\/1f648.svg\"> Pot sva za\u010dela v programu Podjetno v svet podjetni\u0161tva. <img decoding=\"async\" alt=\"\ud83d\udc4d\" src=\"https:\/\/s.w.org\/images\/core\/emoji\/13.0.0\/svg\/1f44d.svg\"><\/h2>\n<p>\u200b<\/p>\n<p><span><img decoding=\"async\" loading=\"lazy\" alt=\"Podjetno v svet podjetni\u0161tva\" data-id=\"2311\" width=\"960\" height=\"640\" title=\"Podjetno v svet podjetni\u0161tva\" src=\"https:\/\/mojstermarketinga.si\/trgovina\/wp-content\/uploads\/2020\/10\/12346541_1643264405933387_3433355429004279307_n.jpg\" style=\"\"><\/span><\/p>\n<p>Podjetno v svet podjetni\u0161tva &#8211; pomurska regija. December 2014&nbsp;<\/p>\n<p>S prijavo na webinar se strinja\u0161, da ti bova Monika iz mojstermarketinga.si in Tadej iz go4goal.net ob\u010dasno po\u0161iljala e-novice.<\/p>\n<p style=\"text-align: center;\">Mojster Marketinga, 2022 &#8211; <a href=\"https:\/\/mojstermarketinga.si\/varovanje-osebnih-podatkov\/\" style=\"outline: none;\">Varovanje osebnih podatkov<\/a><\/p>\n<p style=\"text-align: center;\">Created with <a href=\"https:\/\/thrivethemes.com\/architect\/\" style=\"outline: none;\" target=\"_blank\" rel=\"noopener noreferrer\">Thrive Architect<\/a><\/p>\n","protected":false},"excerpt":{"rendered":"<p>ZOOM WEBINAR 5 korakov od ideje do uspe\u0161nega podjetja Monika in Tadej, podjetnika, ki po 7-ih letih \u0161e vedno ustvarjava in \u017eiviva svoje sanje o lastnem podjetju, te vabiva, da se pridru\u017ei\u0161 na tem dogodku. Ker sva pogosto gosta na delavnicah, sva se odlo\u010dila, da tokrat zdru\u017eiva mo\u010di in podeliva podjetni\u0161ke vzpone in padce s [&hellip;]<\/p>\n","protected":false},"author":2,"featured_media":2404,"parent":0,"menu_order":0,"comment_status":"closed","ping_status":"closed","template":"","meta":{"jetpack_post_was_ever_published":false},"jetpack_sharing_enabled":true,"jetpack_shortlink":"https:\/\/wp.me\/P9JJj0-B9","_links":{"self":[{"href":"https:\/\/mojstermarketinga.si\/trgovina\/wp-json\/wp\/v2\/pages\/2303"}],"collection":[{"href":"https:\/\/mojstermarketinga.si\/trgovina\/wp-json\/wp\/v2\/pages"}],"about":[{"href":"https:\/\/mojstermarketinga.si\/trgovina\/wp-json\/wp\/v2\/types\/page"}],"author":[{"embeddable":true,"href":"https:\/\/mojstermarketinga.si\/trgovina\/wp-json\/wp\/v2\/users\/2"}],"replies":[{"embeddable":true,"href":"https:\/\/mojstermarketinga.si\/trgovina\/wp-json\/wp\/v2\/comments?post=2303"}],"version-history":[{"count":35,"href":"https:\/\/mojstermarketinga.si\/trgovina\/wp-json\/wp\/v2\/pages\/2303\/revisions"}],"predecessor-version":[{"id":3630,"href":"https:\/\/mojstermarketinga.si\/trgovina\/wp-json\/wp\/v2\/pages\/2303\/revisions\/3630"}],"wp:featuredmedia":[{"embeddable":true,"href":"https:\/\/mojstermarketinga.si\/trgovina\/wp-json\/wp\/v2\/media\/2404"}],"wp:attachment":[{"href":"https:\/\/mojstermarketinga.si\/trgovina\/wp-json\/wp\/v2\/media?parent=2303"}],"curies":[{"name":"wp","href":"https:\/\/api.w.org\/{rel}","templated":true}]}}